{"id":2,"date":"2024-12-23T17:56:36","date_gmt":"2024-12-23T16:56:36","guid":{"rendered":"http:\/\/meditation-bretagne.fr\/?page_id=2"},"modified":"2025-06-24T15:30:36","modified_gmt":"2025-06-24T13:30:36","slug":"association-quintessennce-meditation","status":"publish","type":"page","link":"https:\/\/meditation-bretagne.fr\/index.php\/association-quintessennce-meditation\/","title":{"rendered":"Association Quintessence M\u00e9ditation"},"content":{"rendered":"\r\n<p><strong>But de l&rsquo;\u2019association Quintessence<\/strong>\u00a0:<br \/>Cette association a pour objet, l&rsquo;\u00e9tude, l&rsquo;\u00e9change et la mise en pratique des sciences humaines li\u00e9es \u00e0 l&rsquo;esprit.<br \/>Elle \u0153uvre dans le domaine de la connaissance, de la compr\u00e9hension et de ses diff\u00e9rents courants et m\u00e9thodes qui cherchent \u00e0 conna\u00eetre l&rsquo;esprit humain.<br \/>Elle publie et diffuse ses recherches sous diff\u00e9rentes formes de supports.<br \/>Elle participe et organise des s\u00e9minaires et rencontres dans le but fix\u00e9 par l&rsquo;association.<\/p>\r\n\r\n\r\n\r\n<blockquote class=\"wp-block-quote is-layout-flow wp-block-quote-is-layout-flow\">\r\n<p>La m\u00e9ditation est-elle faite pour moi ?<\/p>\r\n<\/blockquote>\r\n\r\n\r\n\r\n\r\n\r\n<p class=\"has-text-align-left\">Nous contacter <br \/><img loading=\"lazy\" decoding=\"async\" width=\"160\" height=\"40\" class=\"wp-image-53\" style=\"width: 160px;\" src=\"http:\/\/meditation-bretagne.fr\/wp-content\/uploads\/2024\/12\/contact.webp\" alt=\"\" \/><\/p>\r\n\r\n<p>&nbsp;<\/p>","protected":false},"excerpt":{"rendered":"<p>But de l&rsquo;\u2019association Quintessence\u00a0:Cette association a pour objet, l&rsquo;\u00e9tude, l&rsquo;\u00e9change et la mise en pratique des sciences humaines li\u00e9es \u00e0 l&rsquo;esprit.Elle \u0153uvre dans le domaine de la connaissance, de la compr\u00e9hension et de ses diff\u00e9rents courants et m\u00e9thodes qui cherchent \u00e0 conna\u00eetre l&rsquo;esprit humain.Elle publie et diffuse ses recherches sous diff\u00e9rentes formes de supports.Elle participe [&hellip;]<\/p>\n","protected":false},"author":1,"featured_media":0,"parent":0,"menu_order":0,"comment_status":"closed","ping_status":"open","template":"","meta":{"footnotes":""},"class_list":["post-2","page","type-page","status-publish","hentry"],"_links":{"self":[{"href":"https:\/\/meditation-bretagne.fr\/index.php\/wp-json\/wp\/v2\/pages\/2","targetHints":{"allow":["GET"]}}],"collection":[{"href":"https:\/\/meditation-bretagne.fr\/index.php\/wp-json\/wp\/v2\/pages"}],"about":[{"href":"https:\/\/meditation-bretagne.fr\/index.php\/wp-json\/wp\/v2\/types\/page"}],"author":[{"embeddable":true,"href":"https:\/\/meditation-bretagne.fr\/index.php\/wp-json\/wp\/v2\/users\/1"}],"replies":[{"embeddable":true,"href":"https:\/\/meditation-bretagne.fr\/index.php\/wp-json\/wp\/v2\/comments?post=2"}],"version-history":[{"count":11,"href":"https:\/\/meditation-bretagne.fr\/index.php\/wp-json\/wp\/v2\/pages\/2\/revisions"}],"predecessor-version":[{"id":152,"href":"https:\/\/meditation-bretagne.fr\/index.php\/wp-json\/wp\/v2\/pages\/2\/revisions\/152"}],"wp:attachment":[{"href":"https:\/\/meditation-bretagne.fr\/index.php\/wp-json\/wp\/v2\/media?parent=2"}],"curies":[{"name":"wp","href":"https:\/\/api.w.org\/{rel}","templated":true}]}}